
{"id":28905,"date":"2022-06-28T11:19:29","date_gmt":"2022-06-28T09:19:29","guid":{"rendered":"https:\/\/fiduciairebsa.be\/?page_id=28905"},"modified":"2022-08-17T12:04:56","modified_gmt":"2022-08-17T10:04:56","slug":"a-propos","status":"publish","type":"page","link":"https:\/\/fiduciairebsa.be\/?page_id=28905","title":{"rendered":"A propos"},"content":{"rendered":"<p>[vc_row section_full_height=\u00a0\u00bbfullheight\u00a0\u00bb][vc_column]<div class=\"grve-element grve-image grve-colored-clipping-left grve-colored-clipping grve-clipping-animation grve-align-center grve-full-image grve-image-space-100\" style=\"\" data-clipping-color=\"primary-1\" data-delay=\"\">  <div class=\"grve-image-wrapper\"><img loading=\"lazy\" decoding=\"async\" width=\"1000\" height=\"563\" src=\"https:\/\/fiduciairebsa.be\/wp-content\/uploads\/2022\/06\/fiduciaire_delrue_tournai.jpg\" class=\"attachment-large size-large\" alt=\"Fiduciaire Expert Comptable Tournai\" srcset=\"https:\/\/fiduciairebsa.be\/wp-content\/uploads\/2022\/06\/fiduciaire_delrue_tournai.jpg 1000w, https:\/\/fiduciairebsa.be\/wp-content\/uploads\/2022\/06\/fiduciaire_delrue_tournai-300x169.jpg 300w, https:\/\/fiduciairebsa.be\/wp-content\/uploads\/2022\/06\/fiduciaire_delrue_tournai-768x432.jpg 768w\" sizes=\"auto, (max-width: 1000px) 100vw, 1000px\" \/>   <\/div><\/div>[\/vc_column][vc_column mobile_width=\u00a0\u00bbhide\u00a0\u00bb]<div class=\"grve-empty-space grve-height-2x\" style=\"\"><\/div>[\/vc_column][vc_column column_custom_position=\u00a0\u00bbyes\u00a0\u00bb position_top=\u00a0\u00bbminus-6x\u00a0\u00bb position_left=\u00a0\u00bb3x\u00a0\u00bb width=\u00a0\u00bb1\/3&Prime; tablet_sm_width=\u00a0\u00bb1-2&Prime; tablet_landscape_column_positions=\u00a0\u00bbnone\u00a0\u00bb tablet_portrait_column_positions=\u00a0\u00bbnone\u00a0\u00bb mobile_column_positions=\u00a0\u00bbnone\u00a0\u00bb heading_color=\u00a0\u00bblight\u00a0\u00bb clipping_animation=\u00a0\u00bbcolored-clipping-up\u00a0\u00bb clipping_animation_colors=\u00a0\u00bbprimary-1&Prime; animation_delay=\u00a0\u00bb800&Prime; css=\u00a0\u00bb.vc_custom_1518337341729{padding-top: 17% !important;padding-right: 17% !important;padding-bottom: 17% !important;padding-left: 17% !important;background-color: #000000 !important;border-radius: 10px !important;}\u00a0\u00bb font_color=\u00a0\u00bb#ffffff\u00a0\u00bb]<div class=\"grve-element grve-image grve-align-center\" style=\"\">  <div class=\"grve-image-wrapper\"><img loading=\"lazy\" decoding=\"async\" width=\"800\" height=\"1000\" src=\"https:\/\/fiduciairebsa.be\/wp-content\/uploads\/2022\/06\/frederic_delrue_expert_comptable_ITAA_tournai.jpg\" class=\"attachment-full size-full\" alt=\"Fr\u00e9d\u00e9ric Delrue Expert-Comptable \u00e0 Tournai\" srcset=\"https:\/\/fiduciairebsa.be\/wp-content\/uploads\/2022\/06\/frederic_delrue_expert_comptable_ITAA_tournai.jpg 800w, https:\/\/fiduciairebsa.be\/wp-content\/uploads\/2022\/06\/frederic_delrue_expert_comptable_ITAA_tournai-240x300.jpg 240w, https:\/\/fiduciairebsa.be\/wp-content\/uploads\/2022\/06\/frederic_delrue_expert_comptable_ITAA_tournai-768x960.jpg 768w\" sizes=\"auto, (max-width: 800px) 100vw, 800px\" \/>   <\/div><\/div><h1 class=\"grve-element grve-title grve-align-center grve-h2\" style=\"\"><span><strong>Fr\u00e9d\u00e9ric Delrue<\/strong><\/span><\/h1><h3 class=\"grve-element grve-title grve-align-center grve-h5\" style=\"\"><span><br>\n<p style=\"text-align: center;\"><strong>Expert Comptable Agr\u00e9\u00e9 ITAA<\/strong><br \/>\nN\u00b0 10.000.191<br>\n<p class=\"p1\" style=\"text-align: center;\"><strong>Soci\u00e9t\u00e9 Agr\u00e9\u00e9e ITAA<\/strong><br \/>\nN\u00b0 50.190.325<br>\n<\/span><\/h3>[vc_column_text]<\/p>\n<p style=\"text-align: center;\"><strong>\u00c0 vos c\u00f4t\u00e9s depuis<\/strong><br \/>\n<strong>plus de 20 ans<\/strong><\/p>\n<p>[\/vc_column_text][\/vc_column][vc_column width=\u00a0\u00bb1\/12&Prime; tablet_sm_width=\u00a0\u00bbhide\u00a0\u00bb mobile_width=\u00a0\u00bbhide\u00a0\u00bb][\/vc_column][vc_column width=\u00a0\u00bb7\/12&Prime; tablet_sm_width=\u00a0\u00bb1-2&Prime;]<h3 class=\"grve-element grve-title grve-align-left grve-animated-item grve-duration-normal grve-fade-in grve-leader-text grve-increase-heading grve-heading-200\" style=\"\" data-delay=\"1000\"><span>Cabinet d&rsquo;expert-comptable &amp; fiscaliste<\/span><\/h3><div class=\"grve-empty-space grve-height-1x\" style=\"\"><\/div>[vc_column_text animation=\u00a0\u00bbgrve-fade-in-down\u00a0\u00bb]<strong>FIDUCIAIRE B.S.A<\/strong>, c\u2019est le bureau d\u2019experts-comptables et de fiscalistes pour tous les entrepreneurs qui recherchent une solution globale et de qualit\u00e9 quel que soit votre secteur d\u2019activit\u00e9.<\/p>\n<p><strong>Install\u00e9 au c\u0153ur de Tournai depuis plus de 20 ans<\/strong> la Fiduciaire B.S.A, vous accueille, vous guide et vous conseille gr\u00e2ce \u00e0 son \u00e9quipe d\u2019experts qualifi\u00e9s, <strong>de la<\/strong> <strong>cr\u00e9ation \u00e0 la gestion comptable et fiscale de votre entreprise<\/strong> nous vous aidons dans vos d\u00e9marches et nous vous entourons d\u00e8s que la petite \u00e9tincelle s\u2019installe et s\u2019allume en vous.<\/p>\n<p>En passant par la Banque Carrefour, les pr\u00e9visions et le plan financier, de la tenue de vos comptes, les d\u00e9clarations de TVA, les d\u00e9clarations d\u2019imp\u00f4ts, les cotisations sociales et diverses, des primes et subsides et de toutes les d\u00e9marches qui peuvent surgir dans la vie professionnelle, tant en soci\u00e9t\u00e9 qu\u2019en personne physique.<\/p>\n<p><strong>La Fiduciaire BSA est l\u00e0 pour vous et avec vous.<\/strong>[\/vc_column_text][\/vc_column][vc_column text_align=\u00a0\u00bbcenter\u00a0\u00bb css=\u00a0\u00bb.vc_custom_1656531973630{padding-top: 35px !important;padding-right: 15px !important;padding-bottom: 35px !important;padding-left: 15px !important;background-color: #d29c5c !important;}\u00a0\u00bb el_id=\u00a0\u00bbbout\u00a0\u00bb]<div class=\"grve-element grve-callout grve-animated-item grve-fade-in-down grve-duration-normal grve-btn-bottom\" style=\"\" data-delay=\"200\">  <div class=\"grve-callout-wrapper\"><h3 class=\"grve-callout-content grve-h3\">Vous cherchez un expert-comptable fiscaliste dans votre r\u00e9gion ?<\/h3>  <\/div>  <div class=\"grve-button-wrapper\"><a href=\"https:\/\/fiduciairebsa.be\/contact\/\" title=\"Contact\" class=\"grve-btn grve-btn-large grve-square grve-bg-primary-1 grve-bg-hover-primary-1 grve-btn-line\"><span>Contactez-nous d\u00e8s maintenant !<\/span><\/a>  <\/div><\/div>[\/vc_column][\/vc_row][vc_row padding_top_multiplier=\u00a0\u00bb\u00a0\u00bb][vc_column]<div class=\"grve-empty-space grve-height-1x\" style=\"\"><\/div>[\/vc_column][\/vc_row]<\/p>\n","protected":false},"excerpt":{"rendered":"<p>[vc_row section_full_height=\u00a0\u00bbfullheight\u00a0\u00bb][vc_column][\/vc_column][vc_column mobile_width=\u00a0\u00bbhide\u00a0\u00bb][\/vc_column][vc_column column_custom_position=\u00a0\u00bbyes\u00a0\u00bb position_top=\u00a0\u00bbminus-6x\u00a0\u00bb position_left=\u00a0\u00bb3x\u00a0\u00bb width=\u00a0\u00bb1\/3&Prime; tablet_sm_width=\u00a0\u00bb1-2&Prime; tablet_landscape_column_positions=\u00a0\u00bbnone\u00a0\u00bb tablet_portrait_column_positions=\u00a0\u00bbnone\u00a0\u00bb mobile_column_positions=\u00a0\u00bbnone\u00a0\u00bb heading_color=\u00a0\u00bblight\u00a0\u00bb clipping_animation=\u00a0\u00bbcolored-clipping-up\u00a0\u00bb clipping_animation_colors=\u00a0\u00bbprimary-1&Prime; animation_delay=\u00a0\u00bb800&Prime; css=\u00a0\u00bb.vc_custom_1518337341729{padding-top: 17% !important;padding-right: 17% !important;padding-bottom: 17% !important;padding-left: 17% !important;background-color: #000000 !important;border-radius: 10px !important;}\u00a0\u00bb font_color=\u00a0\u00bb#ffffff\u00a0\u00bb][vc_column_text] \u00c0 vos c\u00f4t\u00e9s depuis plus de 20 ans [\/vc_column_text][\/vc_column][vc_column width=\u00a0\u00bb1\/12&Prime; tablet_sm_width=\u00a0\u00bbhide\u00a0\u00bb mobile_width=\u00a0\u00bbhide\u00a0\u00bb][\/vc_column][vc_column width=\u00a0\u00bb7\/12&Prime; tablet_sm_width=\u00a0\u00bb1-2&Prime;][vc_column_text animation=\u00a0\u00bbgrve-fade-in-down\u00a0\u00bb]FIDUCIAIRE B.S.A, c\u2019est le bureau d\u2019experts-comptables et de fiscalistes pour tous les [&hellip;]<\/p>\n","protected":false},"author":1,"featured_media":0,"parent":0,"menu_order":0,"comment_status":"closed","ping_status":"open","template":"","meta":{"footnotes":""},"class_list":["post-28905","page","type-page","status-publish","hentry"],"yoast_head":"<!-- This site is optimized with the Yoast SEO plugin v27.4 - https:\/\/yoast.com\/product\/yoast-seo-wordpress\/ -->\n<title>A propos - Fr\u00e9d\u00e9ric Delrue, expert comptable agr\u00e9\u00e9 ITAA \u00e0 Tournai<\/title>\n<meta name=\"description\" content=\"Fiduciaire BSA, bureau d\u2019experts-comptables et fiscalistes pour tous les entrepreneurs qui recherchent une solution globale et de qualit\u00e9\" \/>\n<meta name=\"robots\" content=\"index, follow, max-snippet:-1, max-image-preview:large, max-video-preview:-1\" \/>\n<link rel=\"canonical\" href=\"https:\/\/fiduciairebsa.be\/?page_id=28905\" \/>\n<meta property=\"og:locale\" content=\"fr_FR\" \/>\n<meta property=\"og:type\" content=\"article\" \/>\n<meta property=\"og:title\" content=\"A propos - Fr\u00e9d\u00e9ric Delrue, expert comptable agr\u00e9\u00e9 ITAA \u00e0 Tournai\" \/>\n<meta property=\"og:description\" content=\"Fiduciaire BSA, bureau d\u2019experts-comptables et fiscalistes pour tous les entrepreneurs qui recherchent une solution globale et de qualit\u00e9\" \/>\n<meta property=\"og:url\" content=\"https:\/\/fiduciairebsa.be\/?page_id=28905\" \/>\n<meta property=\"og:site_name\" content=\"FIDUCIAIRE B.S.A.\" \/>\n<meta property=\"article:modified_time\" content=\"2022-08-17T10:04:56+00:00\" \/>\n<meta name=\"twitter:card\" content=\"summary_large_image\" \/>\n<meta name=\"twitter:label1\" content=\"Dur\u00e9e de lecture estim\u00e9e\" \/>\n\t<meta name=\"twitter:data1\" content=\"2 minutes\" \/>\n<script type=\"application\/ld+json\" class=\"yoast-schema-graph\">{\"@context\":\"https:\\\/\\\/schema.org\",\"@graph\":[{\"@type\":\"WebPage\",\"@id\":\"https:\\\/\\\/fiduciairebsa.be\\\/?page_id=28905\",\"url\":\"https:\\\/\\\/fiduciairebsa.be\\\/?page_id=28905\",\"name\":\"A propos - Fr\u00e9d\u00e9ric Delrue, expert comptable agr\u00e9\u00e9 ITAA \u00e0 Tournai\",\"isPartOf\":{\"@id\":\"https:\\\/\\\/fiduciairebsa.be\\\/#website\"},\"datePublished\":\"2022-06-28T09:19:29+00:00\",\"dateModified\":\"2022-08-17T10:04:56+00:00\",\"description\":\"Fiduciaire BSA, bureau d\u2019experts-comptables et fiscalistes pour tous les entrepreneurs qui recherchent une solution globale et de qualit\u00e9\",\"breadcrumb\":{\"@id\":\"https:\\\/\\\/fiduciairebsa.be\\\/?page_id=28905#breadcrumb\"},\"inLanguage\":\"fr-FR\",\"potentialAction\":[{\"@type\":\"ReadAction\",\"target\":[\"https:\\\/\\\/fiduciairebsa.be\\\/?page_id=28905\"]}]},{\"@type\":\"BreadcrumbList\",\"@id\":\"https:\\\/\\\/fiduciairebsa.be\\\/?page_id=28905#breadcrumb\",\"itemListElement\":[{\"@type\":\"ListItem\",\"position\":1,\"name\":\"Accueil\",\"item\":\"https:\\\/\\\/fiduciairebsa.be\\\/\"},{\"@type\":\"ListItem\",\"position\":2,\"name\":\"A propos\"}]},{\"@type\":\"WebSite\",\"@id\":\"https:\\\/\\\/fiduciairebsa.be\\\/#website\",\"url\":\"https:\\\/\\\/fiduciairebsa.be\\\/\",\"name\":\"FIDUCIAIRE B.S.A.\",\"description\":\"Just another WordPress site\",\"potentialAction\":[{\"@type\":\"SearchAction\",\"target\":{\"@type\":\"EntryPoint\",\"urlTemplate\":\"https:\\\/\\\/fiduciairebsa.be\\\/?s={search_term_string}\"},\"query-input\":{\"@type\":\"PropertyValueSpecification\",\"valueRequired\":true,\"valueName\":\"search_term_string\"}}],\"inLanguage\":\"fr-FR\"}]}<\/script>\n<!-- \/ Yoast SEO plugin. -->","yoast_head_json":{"title":"A propos - Fr\u00e9d\u00e9ric Delrue, expert comptable agr\u00e9\u00e9 ITAA \u00e0 Tournai","description":"Fiduciaire BSA, bureau d\u2019experts-comptables et fiscalistes pour tous les entrepreneurs qui recherchent une solution globale et de qualit\u00e9","robots":{"index":"index","follow":"follow","max-snippet":"max-snippet:-1","max-image-preview":"max-image-preview:large","max-video-preview":"max-video-preview:-1"},"canonical":"https:\/\/fiduciairebsa.be\/?page_id=28905","og_locale":"fr_FR","og_type":"article","og_title":"A propos - Fr\u00e9d\u00e9ric Delrue, expert comptable agr\u00e9\u00e9 ITAA \u00e0 Tournai","og_description":"Fiduciaire BSA, bureau d\u2019experts-comptables et fiscalistes pour tous les entrepreneurs qui recherchent une solution globale et de qualit\u00e9","og_url":"https:\/\/fiduciairebsa.be\/?page_id=28905","og_site_name":"FIDUCIAIRE B.S.A.","article_modified_time":"2022-08-17T10:04:56+00:00","twitter_card":"summary_large_image","twitter_misc":{"Dur\u00e9e de lecture estim\u00e9e":"2 minutes"},"schema":{"@context":"https:\/\/schema.org","@graph":[{"@type":"WebPage","@id":"https:\/\/fiduciairebsa.be\/?page_id=28905","url":"https:\/\/fiduciairebsa.be\/?page_id=28905","name":"A propos - Fr\u00e9d\u00e9ric Delrue, expert comptable agr\u00e9\u00e9 ITAA \u00e0 Tournai","isPartOf":{"@id":"https:\/\/fiduciairebsa.be\/#website"},"datePublished":"2022-06-28T09:19:29+00:00","dateModified":"2022-08-17T10:04:56+00:00","description":"Fiduciaire BSA, bureau d\u2019experts-comptables et fiscalistes pour tous les entrepreneurs qui recherchent une solution globale et de qualit\u00e9","breadcrumb":{"@id":"https:\/\/fiduciairebsa.be\/?page_id=28905#breadcrumb"},"inLanguage":"fr-FR","potentialAction":[{"@type":"ReadAction","target":["https:\/\/fiduciairebsa.be\/?page_id=28905"]}]},{"@type":"BreadcrumbList","@id":"https:\/\/fiduciairebsa.be\/?page_id=28905#breadcrumb","itemListElement":[{"@type":"ListItem","position":1,"name":"Accueil","item":"https:\/\/fiduciairebsa.be\/"},{"@type":"ListItem","position":2,"name":"A propos"}]},{"@type":"WebSite","@id":"https:\/\/fiduciairebsa.be\/#website","url":"https:\/\/fiduciairebsa.be\/","name":"FIDUCIAIRE B.S.A.","description":"Just another WordPress site","potentialAction":[{"@type":"SearchAction","target":{"@type":"EntryPoint","urlTemplate":"https:\/\/fiduciairebsa.be\/?s={search_term_string}"},"query-input":{"@type":"PropertyValueSpecification","valueRequired":true,"valueName":"search_term_string"}}],"inLanguage":"fr-FR"}]}},"_links":{"self":[{"href":"https:\/\/fiduciairebsa.be\/index.php?rest_route=\/wp\/v2\/pages\/28905","targetHints":{"allow":["GET"]}}],"collection":[{"href":"https:\/\/fiduciairebsa.be\/index.php?rest_route=\/wp\/v2\/pages"}],"about":[{"href":"https:\/\/fiduciairebsa.be\/index.php?rest_route=\/wp\/v2\/types\/page"}],"author":[{"embeddable":true,"href":"https:\/\/fiduciairebsa.be\/index.php?rest_route=\/wp\/v2\/users\/1"}],"replies":[{"embeddable":true,"href":"https:\/\/fiduciairebsa.be\/index.php?rest_route=%2Fwp%2Fv2%2Fcomments&post=28905"}],"version-history":[{"count":28,"href":"https:\/\/fiduciairebsa.be\/index.php?rest_route=\/wp\/v2\/pages\/28905\/revisions"}],"predecessor-version":[{"id":28986,"href":"https:\/\/fiduciairebsa.be\/index.php?rest_route=\/wp\/v2\/pages\/28905\/revisions\/28986"}],"wp:attachment":[{"href":"https:\/\/fiduciairebsa.be\/index.php?rest_route=%2Fwp%2Fv2%2Fmedia&parent=28905"}],"curies":[{"name":"wp","href":"https:\/\/api.w.org\/{rel}","templated":true}]}}